t y be p(19). Give m(y).
-11
Let x(o) = -o**2 - 2*o + o + 2*o. Let y be ((-28)/(-16) - 2)/((-1)/16). Calculate x(y).
-12
Suppose 5*t + 36 = f, -t = -f - 3*f + 49. Let k = -3 + 5. Let m(s) = -2 + 3*s + 1 - k*s - f*s. What is m(1)?
-11
Let q = 6 + -4. Let t(b) = -2*b + q - 3 + b**3 + 2 + 2*b**2. Give t(-3).
-2
Let v = 11 + -6. Let t(q) be the third derivative of q**5/60 - q**4/4 + q**3 + q**2. Calculate t(v).
1
Let f(h) = -h**2 - h + 2. Let o be f(-2). Let r be 2 + -4 + (1 - o). Let p(u) = -11*u - 1. Determine p(r).
10
Let b(c) = 4 + 1 + 1 + 2*c. Suppose -46 = 5*t + 4*d, 3*d + 2*d + 26 = -t. Determine b(t).
-6
Let l be ((-14)/(-6) + -3)*6. Let h(z) be the second derivative of z**3/6 - z**2 + 3*z. Calculate h(l).
-6
Let h(f) = -5*f**2 + f + 15. Let r(j) = -3*j**2 + 8. Let c(t) = 4*h(t) - 7*r(t). What is c(-4)?
4
Let r = 3 + -5. Let p = 3 - r. Suppose 5*b + 0*b + p = 0. Let c(l) = 6*l. Give c(b).
-6
Let s(z) = -z**3 - 5*z**2 + z + 7. Let f be s(-5). Let n(i) = -2 - 3*i**f - i**3 - 3*i + 2*i + 4*i + 0*i. Let v = -8 + 4. Determine n(v).
2
Let j be ((-15)/(-6) - (-1 + 5))*2. Let o(t) = 4*t**2 - 11*t + 2. Let f(v) = v**2 - v + 1. Suppose 0 = 3*q - q + 12. Let b(u) = q*f(u) + o(u). What is b(j)?
-7
Let k be (1 - -1)/(-1 - -2). Let c be (-6)/(-4) - k/(-4). Let x(b) be the second derivative of -b**3/6 - b**2 + 9*b. Calculate x(c).
-4
Let b(k) = k + 4. Let z(q) = -q**2 + 2*q. Suppose 3*i + 4 = -2*t, -15 = -5*i + t - 0. Let r be z(i). Suppose -3*g + r*g = 12. Calculate b(g).
0
Let o(f) = 0 + f**2 + 1 + f - f**3 + 0*f. Let u(d) = -7 + 6*d**3 + 0*d + 3 + 0*d - 3*d**2 - d. Let w(v) = -3*o(v) - u(v). Determine w(1).
-4
Let z(h) = -h - 1. Let r(b) = -b**3 - b**2 + 2*b - 1. Let i be r(1). Let p be -3 - i - (1 + 0). What is z(p)?
2
Let k be (-26)/(-247) + (-154)/19. Let o(x) = -x + 4. Determine o(k).
12
Let k(v) = -v**2 - v. Let c = 14 + -9. Let s(n) = 5*n + c*n**2 + n**3 - n**2 + 5 - 2*n. Let f(a) = -4*k(a) - s(a). Calculate f(0).
-5
Let d(r) = -15*r + 5. Let k(g) = -7*g + 2. Let a(z) = -6*d(z) + 13*k(z). Let v = -19 + 14. Determine a(v).
1
Let o(z) = z**2 + z + 1. Let a(l) = -6*l**2 - 11*l + 1. Let i(p) = -a(p) - 5*o(p). Calculate i(-7).
1
Let d(a) = a**3 - 3*a**2 + 2*a. Let f = -72 - -74. Determine d(f).
0
Let m = 5 - 5. Let t(b) = -b**3 + b**2 + b + 3. Determine t(m).
3
Let p be 2/(-4)*-2 + -6. Let r(s) = s**3 + 6*s**2 + 2*s + 3. What is r(p)?
18
Let i(o) = o**2 + 1. Let g be i(2). Suppose 0 = z + 3*z. Let j(t) = z - 5*t + t**2 + 0*t - 3. Calculate j(g).
-3
Let l = -5 - -8. Suppose -3*f = f + l*y - 64, 5*f = -2*y + 80. Suppose 3*x + 6 + 6 = 3*r, 0 = r - 4*x - f. Let w(g) = g. Calculate w(r).
0
Let y be (-20)/6 - (-3)/9. Let l be 4/(-4) - (-1 + -2). Let s(u) = 2*u**3 + 1 + 2*u - 3*u - 3*u**3 - 3*u**l. What is s(y)?
4
Let d(i) = -i**2 - i + 3. Suppose 0 = -v + 3*v. Suppose v = -o + 3*o. What is d(o)?
3
Let r(y) = -y - 6. Let b(t) = t**3 + 5*t**2 + 3. Let a be b(-5). Suppose a*f = f. What is r(f)?
-6
Let d(j) be the first derivative of j**3/3 + 5*j**2/2 - 3*j - 6. What is d(-7)?
11
Suppose 7*p - 36 = p. Let l(y) = -y**2 + 6*y + 1. Determine l(p).
1
Let c = -139 + 144. Let q(d) = -d**2 + 7*d - 12. What is q(c)?
-2
Let w = -3 + 9. Let j be (-5)/3*(3 - w). Let l(v) = -3*v - 8. Let p(t) = t + 1. Let o(k) = -l(k) - 4*p(k). Determine o(j).
-1
Let m(u) = 2*u**2 - 4*u + 3. Let a = 2 + 0. Determine m(a).
3
Let o(g) = 16*g**2 - 5*g - 13. Let k(t) = -4*t**2 + t + 3. Let j(x) = -9*k(x) - 2*o(x). Let s be (-1 - (-2 + -3)) + -3. Determine j(s).
4
Suppose -3*l - 1 = j + 10, -2*j = -5*l - 33. Let a(d) = d - 1. Give a(j).
3
Let y(p) = -p**2 - 12*p - 9. Suppose -48 - 22 = 7*g. Give y(g).
11
Let a = -11 + -10. Let k be a/15 + 4/10. Let m(w) = 2*w**2 + 1. Calculate m(k).
3
Let i = 2 + -7. Let m = 5 + i. Let b(x) = x**2 + x - 4. What is b(m)?
-4
Let k(h) = 14*h**3 + 5*h**2 - 14*h - 14. Let i(r) = -5*r**3 - 2*r**2 + 5*r + 5. Let b(c) = 11*i(c) + 4*k(c). What is b(3)?
5
Let c(w) = w**3 + 4*w**2 - 3. Let m = -1 + 4. Suppose -5*q + 5 = -2*t + 30, -4*q + m = 3*t. Suppose n + 2*n - t*v = 13, 3*n + 2*v = -22. What is c(n)?
-3
Suppose 0 = -3*j + k + 12, -3*j + 4*j - 4*k - 4 = 0. Suppose -o = -0*o - j. Let r(c) be the first derivative of c**4/4 - 2*c**3 + 3*c**2 - 1. What is r(o)?
-8
Let w be 4/(-16) - (-1)/4. Suppose -4*y = 4 - w. Let o(p) = 2*p**2 + 4*p**2 - 2*p**2 + p. Calculate o(y).
3
Let f(j) be the first derivative of -2 + 0*j - 4/3*j**3 + 1/2*j**2. Let c(o) = -o**3 - 11*o**2 + 2*o + 23. Let d be c(-11). Calculate f(d).
-3
Let y be (4/5)/((-1)/(-5)). Let w(x) = x - 3. Let t be w(5). Let n(g) = -4*g**2 - 6*g**t - 2 - 3*g + 11*g**2. What is n(y)?
2
Let h(j) = -j**2 + 2*j. Let k(f) = -f**2 + 7*f + 11. Suppose -z = 4*u - 0*z - 164, -2*u + 2*z + 72 = 0. Suppose 4*m + 8 = u. Let a be k(m). What is h(a)?
-3
Let m be -2 - 2*(-2)/2. Let b = m + 3. Let a = b + -8. Let d(q) = q**2 + 5*q - 3. Determine d(a).
-3
Let d(c) = 1 + 2 - 3 + c. Suppose 0 = -l - 0*l. What is d(l)?
0
Let s(q) = q**2 - 13*q - 3. Let b be s(13). Let g(j) = -j - 1. Give g(b).
2
Let n(z) = -z + 7. Let v be n(8). Let q be 3 - (-2 - 0/v). Let p(r) = -q*r - 2 + 1 + 4*r. Calculate p(3).
-4
Let b be (-9 + 8)*(-4)/2. Let y(h) = h**3 - 3*h**2 + 1. Give y(b).
-3
Let w be (-7)/35 - 58/10. Let u(a) = 1 - 1 - a. Calculate u(w).
6
Let d(w) be the first derivative of w**4/4 + 5*w**3/3 - w**2/2 + 5*w - 14. Determine d(-5).
10
Let v(x) = x**2 - x - 1. Let k(t) = -4*t**2 + 10*t + 11. Let w(m) = -k(m) - 5*v(m). Determine w(-5).
-6
Let w = 13 + -7. Let z(d) = d**2 - 5*d. Calculate z(w).
6
Suppose 5*s = 19 - 4. Suppose 4*c = s*c - 1. Let f = c - 1. Let t(p) = -p. Determine t(f).
2
Suppose 0 = 3*k - 2*k - 2. Let m(f) = -8 - 3*f + 10 - f - f. What is m(k)?
-8
Let l(a) = -9*a - 14*a + 6 + 26*a. What is l(-4)?
-6
Let h be (1*(-6 - -1))/(-1). Let k(q) = -4*q**2 + q**2 + 3*q**3 - q + h*q**2. Let b be (-6)/(-8) - (-3)/12. What is k(b)?
4
Suppose 3*x - 3 = 0, 3*p + x + 0 - 1 = 0. Let d(o) = -o + 3. Calculate d(p).
3
Let w(k) = 4*k - 1. Suppose 4*n = u + 4, -2*u + 2 - 7 = -5*n. Determine w(n).
3
Let f(a) = -3*a**2 - 18*a + 6. Let h be f(-6). Suppose -2*b = 4*d - 46, -4*d + 44 = b + 3. Let n = d - h. Let p(t) = -t - 2. Calculate p(n).
-5
Let i(d) = -2*d + 2. Let t be (2 - -1)*(-2 - -3). Suppose y - t = -8. Calculate i(y).
12
Let o = 12 + -11. Let f(l) = 2*l**3 - 2 + 3 + 0. Determine f(o).
3
Let z = -4 - -5. Let t = z - 3. Let n(p) = -p**2 + 3 - 2 - 2*p - 3. Calculate n(t).
-2
Let c(i) be the first derivative of 0*i**3 + 0*i + 0*i**2 - 1 + 1/4*i**4. Let w be -3*(-5)/(30/(-4)). Calculate c(w).
-8
Let n(z) = -z + 5. Let r be n(0). Let j(x) = -r*x + 14*x - 4 + 3 + 0. Let o(v) = -4*v. Let y(a) = 3*j(a) + 7*o(a). What is y(0)?
-3
Let m(y) = -14*y**2 - 29*y + 18. Let c(f) = 5*f**2 + 10*f - 6. Let t(p) = -11*c(p) - 4*m(p). What is t(-6)?
-6
Let a(p) = p**2 + p + 12. Suppose 4 = -h - 0. Let t(m) = -m**2 - m - 11. Let j(w) = h*a(w) - 5*t(w). What is j(0)?
7
Let t = 0 - -4. Let i(o) be the second derivative of o**7/840 - o**6/90 - o**5/60 + o**4/6 - o**3/2 - 2*o. Let u(w) be the second derivative of i(w). Give u(t).
-4
Let v(p) = 2*p**3 - 11*p**2 - 8*p + 10. Let c be v(6). Let s(d) = 4 - 2*d**2 + d - 5 + 0*d. Give s(c).
-11
Let c(r) = -r + 1. Let z(o) = 9*o - 3. Let f(q) = 5*c(q) + z(q). Calculate f(-4).
-14
Let f(j) = 2*j - 19 + 6 + 10. Calculate f(-3).
-9
Suppose 0 = 9*x - 14*x + 10. Suppose i + x*p - 1 = 0, 2*i - 7 = 4*p - 21. Let n(s) = -s**2 - 3*s - 3. Give n(i).
-3
Let j(z) = -2*z**3 + 2*z**2 + 2*z - 1. Let x = -41 + 43. Determine j(x).
-5
Let v(r) = r**2 - 5*r - 3. Suppose 0 = -3*d - 8 + 29. Let x = 12 - d. Calculate v(x).
-3
Suppose -4*s = -0*s + 2*i + 104, -2*s + 2*i - 40 = 0. Let u be 2/(-7) - s/(-14). Let b(f) = 2 - 5 + 4 + 3*f. Determine b(u).
-5
Let n = -18 - -20. Let a(d) = -50 + 56 - d**n + 0*d**2. Determine a(0).
6
Let g(r) = 1 - 4*r**2 + 0 - 5*r + r**3 + 2 + 0*r. What is g(5)?
3
Suppose -5*u + 2*y = -u - 12, -2*y = 4*u - 12. Let f(g) = 0*g + u*g**2 - 2*g**2 + 3*g - 1 + g. Calculate f(-2).
-5
Let w(k) = -3*k - 4. Let p(m) = 2*m + 3. Suppose -x = -0*x + 5*h + 17, -h - 16 = -4*x. Suppose -x*b - 20 = b. Let i(q) = b*w(q) - 8*p(q). Give i(-5).
1
Suppose 4*p - 2*w - 13 = w, 4*p + 2*w - 18 = 0. Suppose -2*j = -5*s - 9 + 1, 0 = -4*j - p. Let y(u) = 9 +